 d(-48).
427
Let w(n) = 974*n + 110057. Determine w(-113).
-5
Let t(j) = -1303*j - 12951. What is t(-10)?
79
Let k(t) = -6167*t + 12341. Give k(2).
7
Let d(o) = -188*o + 6442. Give d(34).
50
Let l(q) = q**3 - 64*q**2 + 178*q + 310. What is l(61)?
5
Let d(j) = 40*j**2 + 237*j - 29. Determine d(-6).
-11
Let h(x) = -x**2 + 459*x + 6134. Calculate h(-13).
-2
Let n(a) = 3*a**2 + 16*a - 162. Determine n(-13).
137
Let i(f) = 167*f - 12. Calculate i(1).
155
Let s(g) = -16226*g + 97361. Give s(6).
5
Let g(b) = b**2 - 76*b - 3058. Calculate g(105).
-13
Let i(c) = 2*c**3 + 33*c**2 + 117*c + 11. What is i(-5)?
1
Let n(b) = 2*b**2 - 40*b - 6. Give n(20).
-6
Let x(j) = 59*j**2 + 1885*j - 95. Determine x(-32).
1
Let u(g) = -316*g + 1880. Calculate u(6).
-16
Let m(i) = -2*i**3 - 16*i**2 + 292*i + 1742. Calculate m(-14).
6
Let o(i) = -i**3 + 51*i**2 - 62*i + 608. What is o(50)?
8
Let a(d) = d**3 - 5*d**2 - 28*d + 102. Determine a(3).
0
Let k(b) = -146*b - 1710. Calculate k(-10).
-250
Let c(t) = 4*t**2 - 37*t - 111. What is c(11)?
-34
Let z(y) = 4*y**2 + 398*y - 1033. Calculate z(-102).
-13
Let z(a) = a**2 - 8*a - 19. Give z(5).
-34
Let t(c) = 14*c**2 + 1285*c + 2255. Determine t(-90).
5
Let i(k) = -12*k + 495. Give i(87).
-549
Let r(h) = -4*h + 114. Give r(-26).
218
Let i(f) = -2*f**3 + 2*f**2 + 88*f + 237. What is i(-3)?
45
Let s(o) = -8*o**2 + 93*o + 260. What is s(14)?
-6
Let q(j) = j**3 - 43*j**2 - 349*j - 20. Give q(50).
30
Let o(r) = -68*r + 389. What is o(10)?
-291
Let j(n) = -13*n + 41. Calculate j(5).
-24
Let c(j) = -j**3 + 75*j**2 - 158*j + 990. Determine c(73).
114
Let d(x) = 18*x**2 - 69*x + 6. What is d(4)?
18
Let h(o) = 6*o**2 - 262*o + 219. Give h(43).
47
Let c(f) = 7*f - 422. Determine c(62).
12
Let u(g) = -123*g + 7361. What is u(60)?
-19
Let x(c) = -6*c**2 + 6*c - 31. Calculate x(3).
-67
Let y(p) = -16*p + 1079. Give y(67).
7
Let z(b) = 16*b + 93. What is z(-6)?
-3
Let b(s) = s**3 - 52*s**2 + 15*s - 761. What is b(52)?
19
Let j(u) = -3*u**3 - 696*u**2 - 8542*u - 213. Give j(-219).
6
Let v(s) = -s**2 + 24*s + 751. Determine v(35).
366
Let p(z) = -z**3 + 42*z**2 + 87*z + 28. Determine p(44).
-16
Let m(d) = 3*d**2 - 137*d + 691. Calculate m(5).
81
Let n(a) = -189*a + 3364. Calculate n(17).
151
Let b(d) = 4*d**2 - 511*d + 360. Determine b(127).
-21
Let i(k) = 6779*k + 74555. Determine i(-11).
-14
Let p(l) = -3*l**2 - 27*l - 26. Give p(-10).
-56
Let v(p) = p**3 + 19*p**2 + 65*p - 12. Determine v(-14).
58
Let u(n) = -n**2 - 39*n + 73. Give u(-38).
111
Let u(x) = -x - 31. Give u(26).
-57
Let h(t) = 399*t - 64634. Give h(162).
4
Let l(y) = -75*y - 1342. Give l(-21).
233
Let m(y) = -y**2 - 72*y - 503. Calculate m(-8).
9
Let l(y) = -472*y**2 - 3771*y + 48. Determine l(-8).
8
Let o(j) = -j**2 - 92*j - 212. What is o(-90)?
-32
Let r(i) = -10*i + 165. Calculate r(18).
-15
Let h(f) = 2*f**3 - 100*f**2 + 6*f - 22. What is h(0)?
-22
Let b(d) = 2*d**2 + 8*d - 112. What is b(-15)?
218
Let k(i) = 3*i**2 - 76*i + 20. Determine k(-7).
699
Let a(x) = -14*x + 51. Determine a(2).
23
Let j(v) = -7440*v - 119040. Give j(-16).
0
Let a(w) = 511*w - 2043. Determine a(4).
1
Let f(i) = -i**2 - 89*i - 926. What is f(-12)?
-2
Let o(l) = 55*l + 37. Calculate o(-3).
-128
Let l(x) = -2*x**2 + 70*x + 22. What is l(15)?
622
Let g(n) = -2*n**3 + 3*n**2 + 4*n - 2. Calculate g(4).
-66
Let h(d) = 4*d - 69. Calculate h(-7).
-97
Let t(l) = -l**3 - 47*l**2 + 156*l + 98. What is t(-50)?
-202
Let i(m) = 309*m**2 + 3075*m - 142. What is i(-10)?
8
Let k(r) = -r**2 - 52*r + 11123. What is k(82)?
135
Let d(a) = -a**3 + 13*a**2 - 44*a + 186. Calculate d(7).
172
Let r(h) = 4*h**2 - 44*h - 14. Give r(13).
90
Let v(y) = 4*y**2 + 91*y + 362. Give v(-5).
7
Let m(y) = -3*y - 345. What is m(-53)?
-186
Let a(p) = -9*p**2 - 69*p - 48. Give a(-7).
-6
Let n(h) = 23*h**2 - 2874*h - 134. Determine n(125).
-9
Let i(n) = -n**2 + 3*n - 15. Give i(5).
-25
Let t(c) = -49*c - 643. Calculate t(-13).
-6
Let f(n) = n**3 - 2*n**2 + 2. What is f(2)?
2
Let b(i) = i**3 - 10*i**2 + 59*i - 213. Give b(6).
-3
Let x(a) = 2*a + 95. Calculate x(0).
95
Let i(o) = 16*o + 848. Determine i(3).
896
Let p(g) = g**2 + 88*g + 1179. Give p(-74).
143
Let x(k) = -k**3 - 53*k**2 + 37*k - 863. Give x(-54).
55
Let f(d) = 59*d - 64. What is f(2)?
54
Let k(p) = -2576*p + 59251. Determine k(23).
3
Let b(g) = 61*g + 320. Calculate b(6).
686
Let f(o) = -o**2 - 29*o + 3566. Determine f(47).
-6
Let z(o) = -69*o + 574. Determine z(8).
22
Let h(r) = -23*r**2 - 537*r - 160. Determine h(-23).
24
Let o(f) = 3*f**2 - 152*f + 557. Calculate o(4).
-3
Let u(l) = -l**3 - 41*l**2 + 14*l - 3093. Determine u(-43).
3
Let w(o) = 2*o**3 - 256*o**2 - 260*o - 23. Give w(129).
-281
Let b(x) = 298*x**2 - 5*x - 4. Calculate b(-1).
299
Let r(f) = 22*f - 806. Give r(37).
8
Let f(v) = -369*v - 1851. Determine f(-5).
-6
Let u(b) = 578*b + 3462. Determine u(-6).
-6
Let b(w) = 57*w**2 + 439*w + 5. What is b(-8)?
141
Let t(m) = 48*m + 110. Calculate t(-11).
-418
Let n(l) = -2*l**3 - l**2 - 23*l + 11. Calculate n(0).
11
Let z(j) = -17*j + 292. Give z(18).
-14
Let z(d) = 2*d**2 + 39*d - 1. Give z(-15).
-136
Let g(a) = -5*a**3 - 4*a**2 - 3*a + 1. Calculate g(3).
-179
Let j(z) = -3*z - 268. Give j(-73).
-49
Let g(t) = t**3 - t**2 - 27*t - 41. Calculate g(0).
-41
Let i(l) = l**3 + 11*l + 14. Determine i(-6).
-268
Let w(n) = -130*n + 33. What is w(-2)?
293
Let u(b) = -70*b - 1103. Determine u(-15).
-53
Let m(s) = -43*s**2 - 1010*s + 1614. Give m(-25).
-11
Let w(z) = 22*z**3 + 8*z**2 + 14*z + 8. Determine w(-1).
-20
Let f(m) = -m**2 + 41*m - 407. Give f(15).
-17
Let a(p) = p**3 + 8*p**2 + 27*p + 84. Determine a(-6).
-6
Let f(m) = 2*m**2 + 16*m + 196. Give f(-20).
676
Let s(b) = 8*b**3 - 8*b**2 + b + 4. Give s(3).
151
Let x(n) = 174*n - 528. Give x(3).
-6
Let m(z) = -2*z**3 + 404*z**2 + 846*z - 6107. Give m(204).
13
Let x(i) = -114*i + 341. Calculate x(3).
-1
Let o(u) = u**3 + 8*u**2 - 67*u - 539. Calculate o(-9).
-17
Let o(l) = -l**3 + 41*l**2 - 187*l + 74. What is o(35)?
879
Let d(v) = 29*v + 2653. Determine d(-91).
14
Let y(f) = -1763*f - 14096. Give y(-8).
8
Let j(d) = 2*d**2 - 24*d + 2. Calculate j(16).
130
Let r(g) = g**2 + 21*g + 90. What is r(-9)?
-18
Let c(m) = -m**3 + 21*m**2 + 7*m - 34. What is c(21)?
113
Let j(o) = -o**3 + 14*o**2 - 14*o - 14. What is j(11)?
195
Let g(w) = 2*w**3 + 10*w**2 + 16*w + 25. Determine g(-5).
-55
Let z(j) = 109*j**3 + j**2 + 5*j - 1. Give z(1).
114
Let v(y) = 5*y**2 + 16*y - 46. Calculate v(-6).
38
Let z(h) = 552*h - 8834. What is z(16)?
-2
Let k(o) = o**3 - 11*o**2 + 33*o - 39. Give k(4).
-19
Let c(w) = -w**3 + 73*w**2 + 301*w + 506. Give c(77).
-33
Let l(m) = -111*m - 289. What is l(-9)?
710
Let q(f) = f**2 - 270*f + 6352. Give q(26).
8
Let z(j) = j**3 + 46*j**2 - 5*j - 280. Give z(-46).
-50
Let p(k) = 54*k - 240. Give p(5).
30
Let y(a) = a**3 + 7*a**2 - 21*a + 38. Give y(-10).
-52
Let m(u) = u**3 + 12*u**2 - 19*u - 27. Give m(-13).
51
Let q(n) = -17*n - 139. Give q(-12).
65
Let p(l) = -86*l + 18. Determine p(-6).
534
Let x(r) = 2*r**2 - 32*r - 386. Determine x(-9).
64
Let h(n) = -106*n - 1214. Give h(-6).
-578
Let q(b) = 2*b**3 + 35*b**2 - 56*b + 56. Calculate q(-19).
37
Let n(h) = h**3 + 22*h**2 - 89*h + 197. Determine n(-26).
-193
Let h(r) = 2101*r + 27323. Determine h(-13).
10
Let r(n) = 3*n**3 - 85*n**2 + 19*n + 283. Determine r(28).
31
Let k(t) = 5*t**2 + 268*t - 281. Give k(1).
-8
Let z(j) = -j**3 + 6*j**2 - 46*j + 267. Determine z(8).
-229
Let z(f) = -f**2 + 548*f - 2160. Calculate z(4).
16
Let f(z) = z**3 - 50*z**2 - 50*z - 149. Calculate f(51).
-98
Let c(t) = 8*t**3 - t**2 + 6*t - 5. What is c(3)?
220
Let b(w) = -w**2 - 99*w + 27649. Calculate b(124).
-3
Let n(u) = -3*u**3 - 343*u**2 - 113*u - 32. Determine n(-114).
-146
Let j(b) = 64*b**2 - 136*b + 21. Give j(2).
5
Let w(h) = 36*h**3 + 2*h**2 + 8*h + 6. Calculate w(-1).
-36
Let u(m) = -14*m - 546. What is u(-38)?
-14
Let s(y) = 26*y**2 + 201*y. Give s(-8).
56
Let w(q) = 18*q + 85. What is w(-8)?
-59
Let d(o) = -32*o + 398. Calculate d(11).
46
Let a(d) = 302*d - 5. Give a(0).
-5
Let p(a) = -a**3 - 43*a**2 + 93*a + 169. Give p(-45).
34
Let m(f) = 2*f**2 - 165*f + 991. Give m(6).
73
Let i(g) = 17*g + 637. Calculate i(-37).
8
Let m(o) = -o**2 + 218*o - 649. Give m(3).
-4
Let j(a